of 24977?
4
What is the units digit of 4868?
8
What is the tens digit of 4887?
8
What is the hundreds digit of 12226?
2
What is the hundreds digit of 2193?
1
What is the units digit of 3889?
9
What is the thousands digit of 23275?
3
What is the thousands digit of 56750?
6
What is the tens digit of 2406?
0
What is the thousands digit of 11579?
1
What is the tens digit of 762?
6
What is the units digit of 1712?
2
What is the units digit of 1212?
2
What is the tens digit of 2087?
8
What is the hundreds digit of 2680?
6
What is the hundreds digit of 79680?
6
What is the hundreds digit of 4221?
2
What is the thousands digit of 6609?
6
What is the thousands digit of 3754?
3
What is the thousands digit of 4738?
4
What is the units digit of 4752?
2
What is the hundreds digit of 1132?
1
What is the units digit of 4331?
1
What is the units digit of 5295?
5
What is the ten thousands digit of 38913?
3
What is the hundreds digit of 96876?
8
What is the tens digit of 2571?
7
What is the tens digit of 20234?
3
What is the units digit of 1962?
2
What is the ten thousands digit of 150597?
5
What is the units digit of 424?
4
What is the units digit of 119852?
2
What is the tens digit of 7976?
7
What is the hundred thousands digit of 101685?
1
What is the units digit of 5065?
5
What is the hundreds digit of 611?
6
What is the thousands digit of 3257?
3
What is the tens digit of 14362?
6
What is the hundreds digit of 2816?
8
What is the thousands digit of 2741?
2
What is the units digit of 1989?
9
What is the thousands digit of 7285?
7
What is the tens digit of 75?
7
What is the tens digit of 12062?
6
What is the tens digit of 2600?
0
What is the units digit of 5320?
0
What is the thousands digit of 2542?
2
What is the tens digit of 3299?
9
What is the tens digit of 90652?
5
What is the hundreds digit of 311?
3
What is the tens digit of 19316?
1
What is the thousands digit of 1881?
1
What is the thousands digit of 24919?
4
What is the thousands digit of 12681?
2
What is the units digit of 1366?
6
What is the tens digit of 34279?
7
What is the hundreds digit of 49802?
8
What is the hundreds digit of 79472?
4
What is the tens digit of 18283?
8
What is the units digit of 3128?
8
What is the units digit of 2040?
0
What is the tens digit of 46353?
5
What is the hundreds digit of 10010?
0
What is the hundreds digit of 277?
2
What is the tens digit of 455?
5
What is the units digit of 60032?
2
What is the thousands digit of 3470?
3
What is the tens digit of 27903?
0
What is the tens digit of 147698?
9
What is the hundreds digit of 15326?
3
What is the ten thousands digit of 20830?
2
What is the tens digit of 3296?
9
What is the units digit of 210?
0
What is the thousands digit of 157447?
7
What is the thousands digit of 2561?
2
What is the ten thousands digit of 19414?
1
What is the units digit of 317?
7
What is the units digit of 1191?
1
What is the units digit of 7028?
8
What is the hundreds digit of 1965?
9
What is the tens digit of 11183?
8
What is the tens digit of 790?
9
What is the thousands digit of 4014?
4
What is the units digit of 621?
1
What is the units digit of 32328?
8
What is the hundreds digit of 11316?
3
What is the hundreds digit of 3866?
8
What is the hundreds digit of 47159?
1
What is the hundreds digit of 36672?
6
What is the hundred thousands digit of 123576?
1
What is the units digit of 13594?
4
What is the hundreds digit of 43087?
0
What is the units digit of 25095?
5
What is the hundreds digit of 33896?
8
What is the tens digit of 61357?
5
What is the tens digit of 1079?
7
What is the tens digit of 1433?
3
What is the hundreds digit of 1263?
2
What is the ten thousands digit of 23574?
2
What is the tens digit of 7017?
1
What is the hundreds digit of 2272?
2
What is the units digit of 13024?
4
What is the hundreds digit of 8406?
4
What is the units digit of 36457?
7
What is the hundreds digit of 979?
9
What is the tens digit of 1075?
7
What is the thousands digit of 6261?
6
What is the thousands digit of 70393?
0
What is the hundreds digit of 15193?
1
What is the units digit of 3303?
3
What is the thousands digit of 27564?
7
What is the units digit of 3473?
3
What is the thousands digit of 1968?
1
What is the units digit of 106676?
6
What is the tens digit of 146175?
7
What is the thousands digit of 72075?
2
What is the tens digit of 2119?
1
What is the tens digit of 18733?
3
What is the hundreds digit of 984?
9
What is the thousands digit of 3498?
3
What is the units digit of 10814?
4
What is the units digit of 825?
5
What is the tens digit of 3008?
0
What is the hundreds digit of 4948?
9
What is the units digit of 1479?
9
What is the tens digit of 645?
4
What is the ten thousands digit of 66089?
6
What is the ten thousands digit of 12518?
1
What is the hundreds digit of 1427?
4
What is the hundreds digit of 168182?
1
What is the units digit of 2967?
7
What is the units digit of 7837?
7
What is the units digit of 68700?
0
What is the tens digit of 6951?
5
What is the tens digit of 19?
1
What is the hundreds digit of 1108?
1
What is the ten thousands digit of 10792?
1
What is the hundreds digit of 745?
7
What is the units digit of 116700?
0
What is the tens digit of 11866?
6
What is the thousands digit of 1923?
1
What is the thousands digit of 1037?
1
What is the units digit of 1941?
1
What is the thousands digit of 36545?
6
What is the units digit of 77479?
9
What is the tens digit of 339?
3
What is the hundreds digit of 13951?
9
What is the units digit of 21446?
6
What is the units digit of 975?
5
What is the units digit of 760?
0
What is the tens digit of 4216?
1
What is the thousands digit of 3022?
3
What is the tens digit of 992?
9
What is the units digit of 29955?
5
What is the tens digit of 491?
9
What is the hundreds digit of 16451?
4
What is the tens digit of 572?
7
What is the thousands digit of 4486?
4
What is the thousands digit of 15892?
5
What is the ten thousands digit of 39699?
3
What is the hundreds digit of 16728?
7
What is the hundreds digit of 5532?
5
What is the tens digit of 2485?
8
What is the hundreds digit of 413?
4
What is the thousands digit of 11865?
1
What is the ten thousands digit of 58072?
5
What is the thousands digit of 4285?
4
What is the units digit of 2661?
1
What is the units digit of 31238?
8
What is the units digit of 4139?
9
What is the units digit of 5251?
1
What is the tens digit of 833?
3
What is the ten thousands digit of 99891?
9
What is the ten thousands digit of 34395?
3
What is the thousands digit of 18367?
8
What is the hundreds digit of 7582?
5
What is the ten thousands digit of 37089?
3
What is the thousands digit of 2754?
2
What is the thousands digit of 22637?
2
What is the thousands digit of 2669?
2
What is the tens digit of 19154?
5
What is the tens digit of 510?
1
What is the tens digit of 3003?
0
What is the tens digit of 4519?
1
What is the hundreds digit of 10119?
1
What is the hundreds digit of 128?
1
What is the tens digit of 182908?
0
What is the tens digit of 1154?
5
What is the units digit of 16162?
2
What is the hundreds digit of 1129?
1
What is the units digit of 974?
4
What is the tens digit of 47450?
5
What is the tens digit of 38069?
6
What is the units digit of 22815?
5
What is the thousands digit of 23099?
3
What is the ten thousands digit of 128109?
2
What is the hundreds digit of 19760?
7
What is the thousands digit of 1526?
1
What is the hundreds digit of 1796?
7
What is the thousands digit of 20420?
0
What is the thousands digit of 22158?
2
What is the thousands digit of 55003?
5
What is the thousands digit of 4538?
4
What is the hundreds digit of 1243?
2
What is the ten thousands digit of 31468?
3
What is the units digit of 15461?
1
What is the hundreds digit of 40502?
5
What is the thousands digit of 2026?
2
What is the tens digit of 33408?
0
What is the hundreds digit of 13633?
6
What is the hundreds digit of 2010?
0
What is the tens digit of 1761?
6
What is the tens digit of 1601?
0
What is the units digit of 2564?
4
What is the tens digit of 4570?
7
What is the hundreds digit of 272?
2
What is the hundreds digit of 81041?
0
What is the tens digit of 45578?
7
What is the thousands digit of 2080?
2
What is the units digit of 355?
5
What is the units digit of 710?